, 971
What are the prime factors of 1338?
2, 3, 223
List the prime factors of 696.
2, 3, 29
List the prime factors of 51296.
2, 7, 229
List the prime factors of 15701.
7, 2243
List the prime factors of 29646.
2, 3, 61
List the prime factors of 50779.
17, 29, 103
What are the prime factors of 8446?
2, 41, 103
List the prime factors of 128021.
128021
What are the prime factors of 3209?
3209
List the prime factors of 10272.
2, 3, 107
What are the prime factors of 1674?
2, 3, 31
What are the prime factors of 3501?
3, 389
What are the prime factors of 13400?
2, 5, 67
List the prime factors of 1356.
2, 3, 113
List the prime factors of 5310.
2, 3, 5, 59
List the prime factors of 9814.
2, 7, 701
List the prime factors of 943.
23, 41
What are the prime factors of 42149?
113, 373
List the prime factors of 15026.
2, 11, 683
List the prime factors of 5013.
3, 557
What are the prime factors of 9259?
47, 197
List the prime factors of 2051.
7, 293
List the prime factors of 41483.
13, 3191
List the prime factors of 4801.
4801
List the prime factors of 140557.
140557
What are the prime factors of 2663?
2663
What are the prime factors of 757?
757
List the prime factors of 31818.
2, 3, 5303
List the prime factors of 39480.
2, 3, 5, 7, 47
List the prime factors of 1292.
2, 17, 19
List the prime factors of 21189.
3, 7, 1009
What are the prime factors of 3251?
3251
What are the prime factors of 2600?
2, 5, 13
List the prime factors of 6811.
7, 139
List the prime factors of 10801.
7, 1543
List the prime factors of 34026.
2, 3, 53, 107
List the prime factors of 3709.
3709
What are the prime factors of 30158?
2, 17, 887
List the prime factors of 159957.
3, 7, 2539
What are the prime factors of 2609?
2609
List the prime factors of 11304.
2, 3, 157
What are the prime factors of 482?
2, 241
List the prime factors of 32936.
2, 23, 179
List the prime factors of 38426.
2, 19213
List the prime factors of 47419.
47419
List the prime factors of 1434.
2, 3, 239
What are the prime factors of 1185?
3, 5, 79
What are the prime factors of 633?
3, 211
What are the prime factors of 12985?
5, 7, 53
List the prime factors of 13176.
2, 3, 61
List the prime factors of 112482.
2, 3, 2083
List the prime factors of 7083.
3, 787
List the prime factors of 4196.
2, 1049
List the prime factors of 479.
479
What are the prime factors of 563?
563
List the prime factors of 9831.
3, 29, 113
What are the prime factors of 1300?
2, 5, 13
What are the prime factors of 85243?
85243
List the prime factors of 90269.
19, 4751
List the prime factors of 26011.
19, 37
List the prime factors of 554.
2, 277
What are the prime factors of 9240?
2, 3, 5, 7, 11
What are the prime factors of 128003?
19, 6737
What are the prime factors of 895?
5, 179
List the prime factors of 19131.
3, 7, 911
List the prime factors of 481.
13, 37
What are the prime factors of 428?
2, 107
List the prime factors of 14726.
2, 37, 199
List the prime factors of 48457.
47, 1031
List the prime factors of 134.
2, 67
List the prime factors of 96569.
11, 8779
List the prime factors of 991.
991
What are the prime factors of 20542?
2, 10271
What are the prime factors of 10601?
10601
What are the prime factors of 15624?
2, 3, 7, 31
List the prime factors of 7181.
43, 167
List the prime factors of 976.
2, 61
List the prime factors of 301.
7, 43
What are the prime factors of 5998?
2, 2999
What are the prime factors of 7452?
2, 3, 23
What are the prime factors of 283?
283
List the prime factors of 37811.
37811
What are the prime factors of 65?
5, 13
List the prime factors of 8684.
2, 13, 167
List the prime factors of 5105.
5, 1021
What are the prime factors of 34905?
3, 5, 13, 179
What are the prime factors of 19758?
2, 3, 37, 89
List the prime factors of 12406.
2, 6203
List the prime factors of 16434.
2, 3, 11, 83
What are the prime factors of 25677?
3, 317
List the prime factors of 44498.
2, 19, 1171
What are the prime factors of 569?
569
List the prime factors of 75599.
17, 4447
List the prime factors of 2716.
2, 7, 97
What are the prime factors of 4484?
2, 19, 59
List the prime factors of 59556.
2, 3, 7, 709
What are the prime factors of 289?
17
List the prime factors of 2305.
5, 461
What are the prime factors of 1391?
13, 107
List the prime factors of 10210.
2, 5, 1021
List the prime factors of 37768.
2, 4721
List the prime factors of 14335.
5, 47, 61
What are the prime factors of 71171?
71171
What are the prime factors of 244?
2, 61
List the prime factors of 23501.
71, 331
List the prime factors of 2789.
2789
List the prime factors of 4505.
5, 17, 53
List the prime factors of 8029.
7, 31, 37
List the prime factors of 8252.
2, 2063
What are the prime factors of 24002?
2, 11, 1091
List the prime factors of 102064.
2, 6379
What are the prime factors of 38245?
5, 7649
List the prime factors of 15940.
2, 5, 797
List the prime factors of 965.
5, 193
List the prime factors of 87625.
5, 701
What are the prime factors of 1041?
3, 347
What are the prime factors of 144400?
2, 5, 19
List the prime factors of 97095.
3, 5, 6473
What are the prime factors of 18312?
2, 3, 7, 109
List the prime factors of 10797.
3, 59, 61
List the prime factors of 33200.
2, 5, 83
What are the prime factors of 539?
7, 11
What are the prime factors of 30957?
3, 17, 607
List the prime factors of 80.
2, 5
List the prime factors of 1070.
2, 5, 107
What are the prime factors of 3930?
2, 3, 5, 131
List the prime factors of 351.
3, 13
What are the prime factors of 320?
2, 5
What are the prime factors of 7730?
2, 5, 773
What are the prime factors of 12305?
5, 23, 107
List the prime factors of 339.
3, 113
List the prime factors of 164791.
11, 71, 211
List the prime factors of 531.
3, 59
List the prime factors of 19057.
17, 19, 59
What are the prime factors of 124300?
2, 5, 11, 113
List the prime factors of 28050.
2, 3, 5, 11, 17
List the prime factors of 105163.
103, 1021
List the prime factors of 16511.
11, 19, 79
List the prime factors of 656.
2, 41
What are the prime factors of 334?
2, 167
What are the prime factors of 2829?
3, 23, 41
What are the prime factors of 403?
13, 31
What are the prime factors of 203?
7, 29
What are the prime factors of 591?
3, 197
What are the prime factors of 23?
23
What are the prime factors of 80260?
2, 5, 4013
List the prime factors of 31486.
2, 7, 13, 173
List the prime factors of 3852.
2, 3, 107
What are the prime factors of 24267?
3, 8089
List the prime factors of 16.
2
List the prime factors of 2671.
2671
What are the prime factors of 1203?
3, 401
List the prime factors of 3014.
2, 11, 137
List the prime factors of 6443.
17, 379
What are the prime factors of 54185?
5, 10837
What are the prime factors of 2315?
5, 463
What are the prime factors of 14851?
14851
What are the prime factors of 151071?
3, 37, 1361
What are the prime factors of 4039?
7, 577
List the prime factors of 3657.
3, 23, 53
List the prime factors of 12121.
17, 23, 31
List the prime factors of 5153.
5153
List the prime factors of 107941.
107941
List the prime factors of 70377.
3, 23459
List the prime factors of 87925.
5, 3517
List the prime factors of 46629.
3, 11, 157
What are the prime factors of 44019?
3, 67, 73
List the prime factors of 5083.
13, 17, 23
List the prime factors of 60.
2, 3, 5
What are the prime factors of 42293?
42293
What are the prime factors of 20123?
20123
What are the prime factors of 33380?
2, 5, 1669
List the prime factors of 6830.
2, 5, 683
What are the prime factors of 1398?
2, 3, 233
What are the prime factors of 31073?
7, 23, 193
List the prime factors of 5949.
3, 661
List the prime factors of 4704.
2, 3, 7
What are the prime factors of 139?
139
What are the prime factors of 15?
3, 5
What are the prime factors of 10298?
2, 19, 271
List the prime factors of 1485.
3, 5, 11
List the prime factors of 71570.
2, 5, 17, 421
List the prime factors of 2234.
2, 1117
What are the prime factors of 398?
2, 199
List the prime factors of 1182.
2, 3, 197
List the prime factors of 1393.
7, 199
List the prime factors of 1099.
7, 157
List the prime factors of 51566.
2, 19, 23, 59
What are the prime factors of 14532?
2, 3, 7, 173
List the prime factors of 10228.
2, 2557
List the prime factors of 10109.
11, 919
List the prime factors of 1219.
23, 53
List the prime factor